-1 - z. List the prime factors of ((-1)/(-1))/(j*3/(-1308)).
109
Let m(n) = 2 - 1 + 3*n**2 + 5*n**3 - 8*n**2 + 4*n. Let p(r) = -r**3 - r**2 - 6*r + 3. Let t be p(0). What are the prime factors of m(t)?
103
Let w(j) = 14*j - 8. Let b be w(-6). Let m = -37 + b. List the prime factors of (3 - (-44)/(-12))*m.
2, 43
Let u(q) = 3*q - 16. Let m be 24/(12/(-4))*2. Let y = m + 30. What are the prime factors of u(y)?
2, 13
Let m(i) = 68 - 48*i - 34 - 18. Let t(o) = 4*o + 1. Let c be t(-1). What are the prime factors of m(c)?
2, 5
Let f(b) = 2*b**2 + 12*b + 515. Let y be f(0). List the prime factors of 7/5 - 1 - (-56444)/y.
2, 5, 11
Let v = 25602 + -17894. List the prime factors of v.
2, 41, 47
Let t(j) = 84*j**2 - 58*j - 183. List the prime factors of t(-25).
7, 7681
Let x(y) = -y**3 - 4*y**2 - 2*y - 3. Let b be x(-4). Suppose 2*h = -b*j - 381, -2*j + 577 = -3*h - 4*j. Let w = h + 274. List the prime factors of w.
3
Let r(f) = f**3 + 2*f**2 - 6*f - 4. Let v be r(-4). Suppose 0*p - w = -2*p + 74, -3*p + w = -111. Let d = p - v. List the prime factors of d.
7
Let l(f) = 11*f**2 - 60*f - 12. Let j be l(6). List the prime factors of -2*6/j*382*-7.
7, 191
Let x(z) = 13*z + 26. Let h be x(-2). Suppose h = -0*f + 32*f - 10720. What are the prime factors of f?
5, 67
Suppose -3*j + 3*y + 183 = 0, 4*j + y + 0*y = 259. Suppose -4*x + j = 2*c - 22, 3*c - 4*x - 149 = 0. List the prime factors of c.
47
Suppose f - 3*a = 2787, a - 1391 = 2*f - 6965. What are the prime factors of f?
3, 929
Suppose 2*y = -2*y - 260. Suppose -3*o - u = 300, 0 = -o + 14*u - 16*u - 105. Let q = y - o. What are the prime factors of q?
2, 17
Suppose -3*v = v + 8. Let z be 10 + 2*(3 + v). What are the prime factors of 292/z*18/6?
73
Let i be -2 + (-5)/15*-9. What are the prime factors of (-2268)/(-24) - i/(-2)?
5, 19
Let a(t) = -6*t - 27. Let i be a(-5). Suppose i*r + 4 = -5. What are the prime factors of 154/r*18/(-12)?
7, 11
Let g(j) = -3257*j + 332. List the prime factors of g(-15).
101, 487
Suppose 0 = 5*j + b + 25, -j + 13 = -5*b - 8. List the prime factors of j - (-2)/(3 - 3365/1125).
13, 17
Let h = 229 - 224. Let w(b) = 6*b**2 - 5*b - 8. List the prime factors of w(h).
3, 13
Suppose -39*z = -42*z - 44*z + 1150654. List the prime factors of z.
2, 12241
Suppose -4*z - 58 = -142. Let r = 31 - z. Let a(i) = i**3 - 9*i**2 - 7*i + 20. List the prime factors of a(r).
2, 5
Suppose 4*n + 9 = -5*n. List the prime factors of 5332/36 - n/(-9).
2, 37
Suppose 0 = -18*c - c + 96843. What are the prime factors of c?
3, 1699
Let w(a) = -24*a**3 + 13*a**2 - 14*a - 49. List the prime factors of w(-4).
17, 103
Let k = -27 + 30. Suppose 11*n - 6*n + j = -167, -k*j = n + 25. Let u = 14 - n. What are the prime factors of u?
2, 3
Let t(n) be the first derivative of n**2 - 25*n + 15. Let u be t(20). Suppose 0 = -u*v + 333 + 222. List the prime factors of v.
37
Suppose -5*k - b + 26036 = 0, -35*k - 5*b = -33*k - 10419. What are the prime factors of k?
41, 127
Let x = -3055 - -1536. Let n = -831 - x. What are the prime factors of n?
2, 43
Let w = 2 - 6. Let n(k) = -72*k + 26. List the prime factors of n(w).
2, 157
Suppose -3*l = 5*m - 11, -5*l + 13*m + 41 = 10*m. List the prime factors of (-4 - -1678) + -1 + (l - 10).
2, 5, 167
Suppose -w + 3*w - 3*a + 65 = 0, 5*a = 25. Let f(c) be the third derivative of c**5/60 + 19*c**4/24 - 5*c**3/2 - 8*c**2 + 1. List the prime factors of f(w).
3, 5
Suppose -f = -b - 3, 0*f - 3*b - 1 = f. Suppose -f*a + 77 + 55 = 0. Suppose 71*o - a*o = 395. List the prime factors of o.
79
Let a(g) = g**3 + 13*g**2 + 3*g - 16. Let b(o) = o**3 + 9*o**2 + 2*o + 6. Let y be (-3)/((-5)/60*-4). Let t be b(y). What are the prime factors of a(t)?
2, 23
Let a = -788 - -941. Let y = -34 - 41. Let w = a + y. What are the prime factors of w?
2, 3, 13
Let j = -39440 + 58511. What are the prime factors of j?
3, 13, 163
Let m be 0/(-16)*(0 - 0 - 1). Suppose 3*j + 0*j - 12 = m. List the prime factors of 2/((16/250)/j).
5
Let v(w) = -w**3 + 7*w**2 + 6*w + 18. Let a be v(8). Let r be (a - 4)/(2/(-109)). Let d = r + 14. List the prime factors of d.
3, 41
Let g be 122/14 - (-20)/70. Let x(q) = 35*q + 42. What are the prime factors of x(g)?
3, 7, 17
Suppose -2*x = -4*x + 2*j + 52, j + 47 = 2*x. Let v = 193 - x. What are the prime factors of v?
2, 43
Let k = 30195 - 19666. What are the prime factors of k?
10529
Suppose p + g - 30 = 0, -p = -4*g - 64 + 14. Let d = 33 - p. What are the prime factors of 5124/36 + d*2/(-3)?
11, 13
Suppose -2*c = -0*c - 2*s - 7914, -c = s - 3963. List the prime factors of c.
2, 3, 5, 11
Let z be (-15)/6 + (-4)/32*-20. Suppose z = 2*h + 2*v - 516, 0 = -8*v + 3*v. List the prime factors of h.
2, 3, 43
Suppose 127634 + 65982 = 4*v - 4*h, 3*h = -6. List the prime factors of v.
2, 3, 2689
Suppose -79*z + h + 108072 = -75*z, -2*h = 5*z - 135090. List the prime factors of z.
2, 3, 19, 79
Let y = -2092 - -9012. What are the prime factors of y?
2, 5, 173
Let p(l) = 163*l**2 + 6*l - 5. Let z be p(1). Let q = 181 - z. List the prime factors of q.
17
Let z(q) = -4*q + 4. Let m be z(1). Suppose 3*t + 9 = -k, m = 4*t + 3*k + 14 - 7. List the prime factors of ((t + 6)*-29)/(-1).
2, 29
List the prime factors of 119/(-2)*(-12408)/154.
2, 3, 17, 47
Suppose 81*g - 88*g + 84 = 0. Suppose g*t = 505 + 923. List the prime factors of t.
7, 17
Let n = 4087 + 43394. List the prime factors of n.
3, 7, 17, 19
Suppose 0 = v + g - 71478, 4*v - 285918 = 199*g - 202*g. List the prime factors of v.
2, 3, 7, 23, 37
Suppose -4*m - 4*w + 39412 = 0, -3*m + w = 4034 - 33593. What are the prime factors of m?
59, 167
Let r(t) = -3*t - 7. Let a be r(-3). Suppose d - 6 = a*f, -d + 2*f - 5*f = -11. What are the prime factors of d?
2
Let q(v) = -8*v - 16. Let g be q(-2). List the prime factors of 19/((-16)/(-5) + -3) - g.
5, 19
Suppose -90 = -n - 95. Let c(x) = -102*x + 86. List the prime factors of c(n).
2, 149
Let l = 20 - -4. Suppose -465 + 625 = -20*x. Let a = l - x. What are the prime factors of a?
2
Suppose y - 19*c = -20*c + 7082, 28331 = 4*y + 3*c. What are the prime factors of y?
5, 13, 109
Suppose 2*o + 3*o = -70. Let k(h) = h**2 + 11*h - 1. Let l be k(o). Suppose 5*z - l = 59. List the prime factors of z.
2, 5
Suppose 145308 = 4*s - s + 3*y, 2*s - 2*y = 96888. List the prime factors of s.
2, 5, 7, 173
Let u be ((-6330)/9)/((-12)/(-90)). Let p be u/65 - (28/(-13) - -2). List the prime factors of 8/(-2) + (-9 - p).
2, 17
Let n(k) = 2*k**2 + 2*k + 3. Let y be n(-2). Let t be (-18)/y*(1 + 6). List the prime factors of 708/t*(-12)/8.
59
Let a be ((-14)/8 - 3)*(-23 - -19). Suppose -59 = -2*c + a. List the prime factors of c.
3, 13
Let n be -1 - 2 - 3 - -373. Let x = 657 + n. What are the prime factors of x?
2
Let k(b) = -11*b + 80. Suppose 0 = 8*w - 2*w + 48. What are the prime factors of k(w)?
2, 3, 7
Let t(n) = -n**2 - 8*n - 7. Let r be t(-6). Suppose x - 36 = -r*x. What are the prime factors of 6*(93/x + -3)?
3, 5
Suppose 17*t + 57512 = 40*t - 10*t. List the prime factors of t.
2, 7, 79
Let g = -27 + -19. Let i = g - -48. Suppose 334 = 4*b + 5*o, 2*b = -i*b + 2*o + 348. What are the prime factors of b?
2, 43
What are the prime factors of 560928/15 - 0 - 3260/(-4075)?
2, 9349
Let g = -354 + -71. Let s = -143 - g. What are the prime factors of s?
2, 3, 47
Let v(g) = 21*g**2 - 486*g**3 + 15*g**2 + 241*g**3 + 18*g + 120 + 246*g**3. What are the prime factors of v(-35)?
5, 11, 13
Suppose 28*q - 33*q + 60 = 0. What are the prime factors of q/(-8) + 2332/8?
2, 5, 29
Let p(m) = m**2 + 20*m + 90. Let s be p(-6). What are the prime factors of ((-9)/s)/(3/(-246))?
3, 41
Let j = -49 - -52. Suppose j*c - 8*c = 30. List the prime factors of (0 + 15)*(133/21 + c).
5
Let w = 447 - 596. Let d = 192 - w. What are the prime factors of d?
11, 31
Let g(a) = -14*a + 5. Let u be ((-4)/(-10))/(11/110). Let j(i) = 55*i - 20. Let d(q) = u*j(q) + 15*g(q). List the prime factors of d(3).
5
Suppose -2043307 - 901659 = -56*n - 17*n. List the prime factors of n.
2, 23, 877
Suppose 3*q + 27 + 24 = 0. Let s(r) = 4*r**2 + 42*r + 24. What are the prime factors of s(q)?
2, 233
Let l(k) = 26*k**3 + k**2 + k + 6. Let b be l(3). Suppose 2*u - b = -2*t, 4*t - 590 = 3*u + 878. What are the prime factors of t?
2, 7, 13
Let p(b) = 4*b + 4. Let f = -135 - -